 1057 a composite number?
True
Is 62189 a composite number?
False
Is 41137 composite?
True
Is 28513 a prime number?
True
Is 1639 prime?
False
Is 2357 prime?
True
Is 5347 prime?
True
Is 5905 a composite number?
True
Is 1525607 prime?
True
Is 22598 prime?
False
Is 2411 a composite number?
False
Is 286313 a prime number?
False
Is 21557 a prime number?
True
Is 157103 a prime number?
True
Is 29611 a prime number?
True
Is 55661 a prime number?
True
Is 199123 a prime number?
False
Is 379139 prime?
False
Is 11558 composite?
True
Is 41089 a prime number?
False
Is 92047 a composite number?
True
Is 25703 prime?
True
Is 30021 prime?
False
Is 53539 a composite number?
True
Is 18021 composite?
True
Is 55303 composite?
True
Is 8531 composite?
True
Is 25819 a composite number?
False
Is 82281 a prime number?
False
Is 1569149 a composite number?
False
Is 48973 a composite number?
False
Is 3943 a prime number?
True
Is 14281 a composite number?
False
Is 64409 prime?
False
Is 3065 a prime number?
False
Is 31371 composite?
True
Is 641747 a prime number?
True
Is 1357 a composite number?
True
Is 781 prime?
False
Is 7697 prime?
False
Is 14369 prime?
True
Is 113691 composite?
True
Is 16427 a prime number?
True
Is 16619 composite?
False
Is 70297 a composite number?
False
Is 2362 a prime number?
False
Is 2183623 prime?
False
Is 23678 prime?
False
Is 150313 composite?
True
Is 87853 a composite number?
False
Is 120307 prime?
False
Is 13163 prime?
True
Is 425551 prime?
False
Is 3989 a composite number?
False
Is 26921 composite?
False
Is 2289739 a composite number?
False
Is 2722 a prime number?
False
Is 3611 a composite number?
True
Is 5273 a composite number?
False
Is 32493 composite?
True
Is 6635 a prime number?
False
Is 537269 prime?
True
Is 20369 a composite number?
False
Is 27203 composite?
True
Is 317291 composite?
True
Is 44329 a composite number?
True
Is 70271 prime?
True
Is 306541 composite?
False
Is 1069 a prime number?
True
Is 206285 prime?
False
Is 1260269 a composite number?
False
Is 259949 a composite number?
False
Is 1227101 composite?
False
Is 17291 composite?
False
Is 4931 composite?
False
Is 41581 a composite number?
True
Is 10639 prime?
True
Is 388219 a prime number?
False
Is 903563 composite?
False
Is 153241 prime?
False
Is 129617 prime?
False
Is 296053 a composite number?
True
Is 46849 a composite number?
True
Is 9619 a prime number?
True
Is 18451 prime?
True
Is 42263 composite?
True
Is 4630467 a composite number?
True
Is 9793 prime?
False
Is 414695 a prime number?
False
Is 8609 a composite number?
False
Is 414571 composite?
False
Is 33313 a prime number?
False
Is 105899 a composite number?
False
Is 317987 prime?
True
Is 262895 a prime number?
False
Is 31937 prime?
False
Is 1002679 a composite number?
False
Is 44101 a prime number?
True
Is 45743 composite?
True
Is 2557 a prime number?
True
Is 13553 a prime number?
True
Is 14383 a composite number?
True
Is 213685 a prime number?
False
Is 45481 composite?
False
Is 115631 a composite number?
False
Is 1709317 a prime number?
True
Is 106667 composite?
True
Is 29071 a composite number?
True
Is 40867 a composite number?
False
Is 630433 a composite number?
False
Is 65613 prime?
False
Is 377 composite?
True
Is 404357 a composite number?
False
Is 91547 prime?
False
Is 12689 a composite number?
False
Is 14479 prime?
True
Is 14107 composite?
False
Is 53353 a prime number?
True
Is 1681057 a prime number?
False
Is 31361 composite?
True
Is 336181 a prime number?
True
Is 11089 prime?
False
Is 46219 a prime number?
True
Is 1949827 a composite number?
True
Is 86611 a composite number?
True
Is 22247 composite?
False
Is 209263 composite?
False
Is 102293 a composite number?
False
Is 2609 a composite number?
False
Is 80953 composite?
False
Is 1716037 prime?
True
Is 1087259 composite?
False
Is 19419 composite?
True
Is 18805 a prime number?
False
Is 992949 a composite number?
True
Is 2903 a composite number?
False
Is 369877 composite?
False
Is 7039 a composite number?
False
Is 4213 a prime number?
False
Is 194587 a prime number?
False
Is 20911 prime?
False
Is 9683 a composite number?
True
Is 1222001 composite?
True
Is 322347 prime?
False
Is 76022 a composite number?
True
Is 1377267 composite?
True
Is 7411 composite?
False
Is 2027041 composite?
True
Is 48917 a prime number?
False
Is 584245 a composite number?
True
Is 725291 composite?
True
Is 2507 a composite number?
True
Is 14899 prime?
False
Is 15811 composite?
True
Is 1782667 prime?
True
Is 34187 a composite number?
True
Is 4385 a prime number?
False
Is 252509 prime?
True
Is 48553 a prime number?
False
Is 7729 a prime number?
False
Is 1869523 a composite number?
True
Is 62003 composite?
False
Is 63029 a prime number?
True
Is 367519 a prime number?
True
Is 396919 composite?
False
Is 3137 prime?
True
Is 7183 a prime number?
False
Is 291433 composite?
True
Is 128965 prime?
False
Is 107218 a prime number?
False
Is 24257 composite?
True
Is 8621 a composite number?
True
Is 2767 prime?
True
Is 2789 a prime number?
True
Is 5227 a prime number?
True
Is 427591 a prime number?
True
Is 166493 a composite number?
True
Is 37243 prime?
True
Is 38747 composite?
False
Is 358597 prime?
True
Is 61129 prime?
True
Is 30521 composite?
True
Is 4769 a prime number?
False
Is 1399 prime?
True
Is 1709 a prime number?
True
Is 5003 a prime number?
True
Is 10909 prime?
True
Is 54151 a composite number?
False
Is 953921 prime?
False
Is 155471 prime?
False
Is 7853 a prime number?
True
Is 54251 a composite number?
False
Is 196331 composite?
False
Is 307189 prime?
True
Is 5951 a composite number?
True
Is 1473529 prime?
True
Is 14969 a prime number?
True
Is 20741 prime?
False
Is 9407 composite?
True
Is 629539 prime?
False
Is 199999 composite?
False
Is 8453 composite?
True
Is 1576837 a composite number?
False
Is 397 a composite number?
False
Is 209 composite?
True
Is 38965 prime?
False
Is 13901 prime?
True
Is 16057 prime?
True
Is 8119 a prime number?
False
Is 31829 a prime number?
False
Is 4393 a composite number?
True
Is 14163 composite?
True
Is 1069 prime?
True
Is 75149 a prime number?
True
Is 160549 prime?
False
Is 370561 prime?
True
Is 15959 prime?
True
Is 6803 composite?
False
Is 4163539 prime?
True
Is 429643 a prime number?
True
Is 11131 a prime number?
True
Is 129849 a composite number?
True
Is 102205 a composite number?
True
Is 44941 prime?
False
Is 6599 composite?
False
Is 84395 a prime number?
False
Is 270019 a prime number?
False
Is 849947 prime?
False
Is 1522229 a prime number?
False
Is 66241 prime?
False
Is 155327 composite?
False
Is 13907 a composite number?
False
Is 1477157 a prime number?
False
Is 111437 a prime number?
False
Is 11953 prime?
True
Is 17729 composite?
False
Is 22107 prime?
False
Is 72965 a composite number?
True
Is 2120789 a prime number?
False
Is 5209 a prime number?
True
Is 27179 a composite number?
False
Is 6941 a composite number?
True
Is 315437 a composite number?
False
Is 14642 a composite number?
True
Is 4321 prime?
False
Is 568433 prime?
True
Is 5581 prime?
True
Is 56611 a prime number?
True
Is 166643 a prime number?
True
Is 670597 a prime number?
True
Is 12793 a composite number?
True
Is 2323 composite?
True
Is 36833 a prime number?
True
Is 46619 prime?
True
Is 4547 composite?
False
Is 111467 a composite number?
False
Is 16658 composite?
True
Is 33301 a prime number?
True
Is 23867 a prime number?
False
Is 1503583 composite?
False
Is 9371 composite?
False
Is 2032301 composite?
False
Is 7363 a composite number?
True
Is 2145067 a prime number?
True
Is 181081 a prime number?
True
Is 1711 a composite number?
True
Is 18013 prime?
True
Is 3793 a prime number?
True
Is 48311 composite?
False
Is 43223 a composite number?
False
Is 14047 composite?
True
Is 20157 prime?
False
Is 134395 composite?
True
Is 7769 prime?
False
Is 465469 prime?
True
Is 455381 a composite number?
False
Is 151783 a composite number?
False
Is 131143 prime?
True
Is 50707 a prime number?
True
Is 30079 prime?
False
Is 1781443 composite?
True
Is 1591 a composite number?
True
Is 452927 a prime number?
False
Is 249167 a composite number?
True
Is 164743 composite?
False
Is 5897 prime?
True
Is 2237 prime?
True
Is 11261 a prime number?
True
Is 5219 a composite number?
True
Is 79279 composite?
False
Is 3683 a compos